(-7)/(-5)) is divided by x(s)?
3
Suppose 882 = -7*z + 2436. Let y = z + -143. Calculate the remainder when 233 is divided by y.
75
Let p be (-222)/(-9) - (-3)/9. Let n = p + -14. What is the remainder when n is divided by -5 - 18*(35/(-10) - -3)?
3
What is the remainder when ((3/(-9))/((-1)/(-3147)))/((-109)/218) is divided by 10?
8
Let w be ((-170)/(-15))/(((-4)/(-18))/(-1)). Let j = w + 51. Suppose j = 12*c - 106 - 74. Calculate the remainder when 86 is divided by c.
11
Suppose -12*u + 9 = -15. Let k(o) = -o + 16. Calculate the remainder when k(u) is divided by 5.
4
Let y(f) = 3*f - 12. Let a(x) = -3*x + 12. Let j(u) = 4*a(u) + 3*y(u). Calculate the remainder when 34 is divided by j(3).
1
Let n(y) = 23*y + 84. Let f be n(-3). Suppose -3*j = -3*i + 462, f*i - 788 = 10*i - j. Calculate the remainder when i is divided by 28.
17
Let i be 115/1 + (-6)/2. Suppose -3*m = m + i. Let t = m + 44. What is the remainder when 79 is divided by t?
15
Let x = -3 + 22. Calculate the remainder when (4653/27 + 140/(-60))*(-6)/(-15) is divided by x.
11
Let a = -9528 + 10465. Calculate the remainder when a is divided by 467.
3
Let i(y) = -2*y**2 + 36*y - 116. Let w(q) = 3*q**2 - 54*q + 173. Let s(x) = -7*i(x) - 5*w(x). Calculate the remainder when 31 is divided by s(12).
12
Let v(g) = g**3 + 8*g**2 - 7*g + 28. What is the remainder when v(-8) is divided by ((-459)/(-108))/((-2)/(-8))?
16
Suppose -40*j + 1425 = -3615. What is the remainder when 3273 is divided by j?
123
Suppose 0 = p - 0*p - 48. Let u be (-2 - -7 - 8) + -130 + 0. Let r = 150 + u. What is the remainder when p is divided by r?
14
Calculate the remainder when 4/40 + 342069/910 is divided by 127.
122
Let s = 41 - 53. Suppose 19*y - 533 = 6*y. What is the remainder when y is divided by (16/s)/((-10)/165)?
19
Suppose -70*t + 40*t - 65*t = -3515. Calculate the remainder when 281 is divided by t.
22
Let g = -7644 + 7673. Calculate the remainder when 894 is divided by g.
24
Calculate the remainder when 57 is divided by ((-20)/45)/((-6)/(-9)) - 355/(-15).
11
Let p = -13187 + 13224. Calculate the remainder when 63 is divided by p.
26
Let c = -6407 + 8426. Calculate the remainder when c is divided by 111.
21
Suppose 0 = -63*u - 74*u + 317977. Calculate the remainder when u is divided by 93.
89
Let c be (972/(-8) - 7)/(3/6). Let o = 54 - c. What is the remainder when o is divided by 26?
25
Suppose 5*q - 5*m = -3*m - 44, 0 = 4*q - 5*m + 42. Let u be q/((-10)/5) + -51. Let j = 72 + u. Calculate the remainder when j is divided by 15.
10
Let h(q) = 2*q**3 - 47*q**2 + 78*q - 1323. Calculate the remainder when h(32) is divided by 92.
89
Let z(v) = 15*v**2 - 48*v - 233. Suppose 3*j + l - 19 = 0, -3*j + j = -5*l - 41. What is the remainder when z(-5) is divided by j?
6
Suppose -z + 5*s - 2 = 0, 31*z - 38*z = s - 58. What is the remainder when 338 is divided by z?
2
Let o(t) = t**2 - 12*t - 41. Let i be o(15). Let w(c) = 6*c - i - 9 + 22. What is the remainder when w(18) is divided by 24?
21
Let k(x) = 9*x**3 + 12*x**2 - 220*x + 2144. Calculate the remainder when k(10) is divided by 114.
112
Let s(a) = -2*a**3 - 27*a**2 - 37*a + 3. What is the remainder when 1534 is divided by s(-12)?
4
Let y be 8 - 13 - 14*(-2)/(-4). Calculate the remainder when 20/y*(-180)/2 is divided by 7.
3
Suppose 30*x - 1187 = 253. What is the remainder when x is divided by ((-20)/25)/(2/(-110))?
4
Let p be 72/252 - (43508/7)/(-2). Suppose -8*g = -2*g - p. What is the remainder when g is divided by 65?
63
Suppose 0 = 5*z + 15, 9*z - 4*z = 5*p - 205. Suppose 0 = 2*a + 2*x - p, -23*a - x - 53 = -25*a. Calculate the remainder when a is divided by 4.
0
Let a(m) = 139*m**2 + 6*m + 2. Calculate the remainder when a(-3) is divided by 17.
11
Let w(c) = -4*c**3 - 11*c**2 - 7*c - 8. Let u(d) = -d**3 - 3*d. Let m(g) = -6*u(g) + w(g). What is the remainder when m(5) is divided by 8?
6
Let g = -14522 - -14540. What is the remainder when 2661 is divided by g?
15
What is the remainder when 101 - (646/171 - 6/(-27)) is divided by 43?
11
Suppose 3 = -l - 1, 0 = f + 5*l - 814. Calculate the remainder when f is divided by 63.
15
Let v = -11127 - -11291. Calculate the remainder when 6222 is divided by v.
154
What is the remainder when (7 - 4 - -3048) + -9 is divided by 105?
102
Let y = -1291 - -738. Let u = 565 + y. What is the remainder when 70 is divided by u?
10
Suppose -5*t = -132 - 58. Let a be 238/85 + (-3)/(-15). Suppose -a*v = -j - 12 + 23, -2*v = -6. What is the remainder when t is divided by j?
18
Let q(y) = 30*y**2 - 10*y + 8. Let v be q(1). Calculate the remainder when 166 is divided by (256/v - 4)/((-9)/(-42)).
22
Suppose -786*k = -650*k - 1360. Suppose 0 = 5*c + 5*s + 45, 0*s + s = -3*c - 29. Calculate the remainder when k is divided by (-28)/c - (-2)/10.
1
Suppose 0 = -u + 128 + 12. What is the remainder when u is divided by 20/6*(-9)/(-1)?
20
Let x = 8 + -6. What is the remainder when x*18 + -2 - (0 + -2) is divided by (-6)/(-6)*39/3?
10
Suppose 0 = 4*n - 40 - 68. Calculate the remainder when n is divided by 16.
11
Let t = 3249 + -3201. What is the remainder when 67 is divided by t?
19
Suppose -1 = -n, -3*n + 4 = r - 2*n. Let h(i) = 70*i**2 - 3*i - 9. What is the remainder when h(r) is divided by 77?
73
Let f = -116 + 110. What is the remainder when 95 is divided by (-2 + 0)*(f - 30/12)?
10
Suppose -n - 18*i = -15*i - 125, 5*i - 15 = 0. Suppose -7 - 1 = -2*r, 0 = 2*k - r - 44. Calculate the remainder when n is divided by k.
20
Suppose -5*m + 4*y + 9875 = 0, -24*y + 22*y + 10 = 0. What is the remainder when m is divided by 132?
131
Suppose 0*u + 4*u = 4*y - 908, 5*u = -2*y + 419. Let w = -151 + y. Let i = w + -62. What is the remainder when 33 is divided by i?
6
Suppose -2*x = -15*w + 18*w - 256, -4*w + 654 = 5*x. Suppose x = 4*p - 270. Calculate the remainder when p is divided by 26.
23
Let i be 2/((-1)/(-6)*2). Let b be ((-1755)/(-6))/(-5)*(-4)/i. Let q = -29 + b. Calculate the remainder when 34 is divided by q.
4
Suppose 4*v - 2*i + 42 = 0, 2*v + 11 = 2*i - 13. Let o = v - -8. Calculate the remainder when 133 is divided by ((o - -68) + 1)/(-6 + 8).
31
Suppose -4*h = -2*v + 16, -28*v + 44 = -26*v + 3*h. Let b(p) = 12*p**3 - p**2 + 2. What is the remainder when b(2) is divided by v?
14
Let j = -574 + 250. What is the remainder when j/(-8)*2/3 is divided by 4/6 - (-221)/51 - (-20 - -19)?
3
Suppose 0 = 4*q - r - 32, -5*q - 8*r + 13 = -27. Let v(w) = -7 + 2*w - 2 - 2 + 14*w. What is the remainder when v(q) is divided by 17?
15
Let o(d) = -d**3 + 7*d**2 - 4*d + 1. Calculate the remainder when (16/(-8))/(-1 + (-23)/(-25)) is divided by o(6).
12
Suppose 594 = 26*t - 140 + 84. Calculate the remainder when 4222 is divided by t.
22
Let f(s) = 2056*s - 41. What is the remainder when f(1) is divided by 72?
71
Let t(h) = 8 + 7*h + 6*h - 8*h + 2*h. What is the remainder when 1 is divided by t(-1)?
0
Calculate the remainder when (-1)/((-12)/32360) + 1/3 is divided by 45.
42
Suppose -2*p + 808 = 4*i, 16*i = 12*i + 4*p + 808. What is the remainder when 8279 is divided by i?
199
Let g(n) = n**3 - 13*n**2 + 27*n - 3. Let u be g(11). Suppose j + j - u = 0. Suppose 82*x + 150 = 84*x. Calculate the remainder when x is divided by j.
23
Suppose 2853 = 2*x + 3*i, 3580 - 726 = 2*x + 4*i. What is the remainder when x is divided by 21?
18
What is the remainder when 1155 is divided by ((-68)/(-6))/(4/(-6) + 1)?
33
Let k(x) = x**2 - 97*x + 2233. Calculate the remainder when 52 is divided by k(60).
0
Let b be ((-52)/10)/(-10 + (-192)/(-20)). Suppose -11*c - 5*u - 606 = -b*c, 3*u - 281 = -c. Calculate the remainder when c is divided by 21.
20
Suppose -2*p - r + 5 = 0, -24*r + 5 = -19*r. Suppose -6*j = 3*c - 7*j - 42, -4*c - p*j + 56 = 0. Calculate the remainder when 100 is divided by c.
2
Suppose -4*v + 1090 = -2*z, 2*v + 4*z = 45 + 495. What is the remainder when v is divided by 5?
2
Let l be 2/(-1 - (-5)/3). Suppose 0 = l*g + 3*x - 138 - 6, -g + 3*x = -36. What is the remainder when g is divided by (-8)/(-28) - 159/(-7)?
22
Let y be 8/5*(152 - 112). Suppose 8*j + 223 = 2*l + 3*j, 5*l + 3*j - 480 = 0. Let v = l - y. Calculate the remainder when 95 is divided by v.
25
Let c(s) = 6*s + 124. Let n be c(-16). Let d be (-44)/10 + (-8)/(-20). Let a = n + d. Calculate the remaind